{"id":109,"date":"2014-03-14T21:37:21","date_gmt":"2014-03-14T20:37:21","guid":{"rendered":"http:\/\/diestreifenhoernchen.de\/?page_id=109"},"modified":"2019-10-29T17:03:15","modified_gmt":"2019-10-29T16:03:15","slug":"impressum","status":"publish","type":"page","link":"http:\/\/diestreifenhoernchen.de\/?page_id=109","title":{"rendered":""},"content":{"rendered":"<p><strong><span style=\"color: #5987a6;\">Verantwortlich im Sinne des Pressegesetzes:<br \/>\nFranz Tr\u00f6ger<br \/>\nOberer Stephansberg 38F<br \/>\n96049 Bamberg<br \/>\n0951 &#8211; 3093320<br \/>\nfranz.troeger(at)gmx.de<\/span><\/strong><\/p>\n<p><strong><span style=\"color: #5987a6;\">DATENSCHUTZERKL\u00c4RUNG<br \/>\nWir folgen dem Grundsatz der Datensparsamkeit und Datenminimierung nach Artikel 5 Datenschutzgrundverordnung. Da Ihre personenbezogenen Daten einschlie\u00dflich Ihrer IP-Adresse f\u00fcr den ordnungsgem\u00e4\u00dfen Betrieb der Webseiten nicht erforderlich sind, werden sie auch nicht erhoben und verarbeitet. Cookies werden auf Ihrem Rechner nicht gesetzt. Verantwortlicher f\u00fcr den Datenschutz ist Rolf-Bernhard Essig, Kunigundendamm 62, 96050 Bamberg.<\/span><\/strong><\/p>\n","protected":false},"excerpt":{"rendered":"<p>Verantwortlich im Sinne des Pressegesetzes: Franz Tr\u00f6ger Oberer Stephansberg 38F 96049 Bamberg 0951 &#8211; 3093320 franz.troeger(at)gmx.de DATENSCHUTZERKL\u00c4RUNG Wir folgen dem Grundsatz der Datensparsamkeit und Datenminimierung nach Artikel 5 Datenschutzgrundverordnung. Da Ihre personenbezogenen Daten einschlie\u00dflich Ihrer IP-Adresse f\u00fcr den ordnungsgem\u00e4\u00dfen Betrieb der Webseiten nicht erforderlich sind, werden sie auch nicht erhoben und verarbeitet. Cookies werden auf [&hellip;]<\/p>\n","protected":false},"author":1,"featured_media":0,"parent":0,"menu_order":0,"comment_status":"closed","ping_status":"closed","template":"","meta":{"footnotes":""},"class_list":["post-109","page","type-page","status-publish","hentry"],"_links":{"self":[{"href":"http:\/\/diestreifenhoernchen.de\/index.php?rest_route=\/wp\/v2\/pages\/109","targetHints":{"allow":["GET"]}}],"collection":[{"href":"http:\/\/diestreifenhoernchen.de\/index.php?rest_route=\/wp\/v2\/pages"}],"about":[{"href":"http:\/\/diestreifenhoernchen.de\/index.php?rest_route=\/wp\/v2\/types\/page"}],"author":[{"embeddable":true,"href":"http:\/\/diestreifenhoernchen.de\/index.php?rest_route=\/wp\/v2\/users\/1"}],"replies":[{"embeddable":true,"href":"http:\/\/diestreifenhoernchen.de\/index.php?rest_route=%2Fwp%2Fv2%2Fcomments&post=109"}],"version-history":[{"count":15,"href":"http:\/\/diestreifenhoernchen.de\/index.php?rest_route=\/wp\/v2\/pages\/109\/revisions"}],"predecessor-version":[{"id":344,"href":"http:\/\/diestreifenhoernchen.de\/index.php?rest_route=\/wp\/v2\/pages\/109\/revisions\/344"}],"wp:attachment":[{"href":"http:\/\/diestreifenhoernchen.de\/index.php?rest_route=%2Fwp%2Fv2%2Fmedia&parent=109"}],"curies":[{"name":"wp","href":"https:\/\/api.w.org\/{rel}","templated":true}]}}